reds digit of 4099?
0
What is the thousands digit of 1918?
1
What is the units digit of 1241?
1
What is the units digit of 23558?
8
What is the units digit of 992?
2
What is the thousands digit of 1873?
1
What is the thousands digit of 127581?
7
What is the tens digit of 2099?
9
What is the units digit of 580?
0
What is the hundreds digit of 15420?
4
What is the thousands digit of 12967?
2
What is the tens digit of 39258?
5
What is the hundreds digit of 89658?
6
What is the units digit of 120?
0
What is the thousands digit of 2946?
2
What is the ten thousands digit of 12616?
1
What is the units digit of 233?
3
What is the units digit of 1232?
2
What is the ten thousands digit of 14270?
1
What is the hundreds digit of 2199?
1
What is the tens digit of 1285?
8
What is the tens digit of 1205?
0
What is the thousands digit of 164125?
4
What is the units digit of 552?
2
What is the tens digit of 4696?
9
What is the ten thousands digit of 21074?
2
What is the tens digit of 21023?
2
What is the units digit of 1334?
4
What is the units digit of 1605?
5
What is the hundreds digit of 532?
5
What is the ten thousands digit of 62067?
6
What is the hundred thousands digit of 117361?
1
What is the tens digit of 3493?
9
What is the hundreds digit of 8154?
1
What is the tens digit of 110419?
1
What is the tens digit of 59696?
9
What is the thousands digit of 86639?
6
What is the units digit of 70221?
1
What is the tens digit of 57264?
6
What is the thousands digit of 2108?
2
What is the units digit of 823?
3
What is the units digit of 9660?
0
What is the thousands digit of 1198?
1
What is the units digit of 57?
7
What is the thousands digit of 43073?
3
What is the thousands digit of 1330?
1
What is the thousands digit of 69772?
9
What is the tens digit of 8275?
7
What is the thousands digit of 109389?
9
What is the tens digit of 4258?
5
What is the units digit of 494?
4
What is the units digit of 38988?
8
What is the hundreds digit of 3172?
1
What is the units digit of 693?
3
What is the thousands digit of 5321?
5
What is the tens digit of 76?
7
What is the units digit of 6909?
9
What is the units digit of 29781?
1
What is the units digit of 2115?
5
What is the units digit of 123861?
1
What is the thousands digit of 3767?
3
What is the ten thousands digit of 90954?
9
What is the tens digit of 540?
4
What is the units digit of 266?
6
What is the hundreds digit of 1544?
5
What is the tens digit of 1727?
2
What is the tens digit of 858?
5
What is the units digit of 3585?
5
What is the units digit of 5023?
3
What is the units digit of 317?
7
What is the units digit of 12404?
4
What is the hundreds digit of 217?
2
What is the units digit of 2639?
9
What is the tens digit of 2563?
6
What is the units digit of 524?
4
What is the hundreds digit of 421?
4
What is the thousands digit of 8183?
8
What is the tens digit of 64?
6
What is the tens digit of 16251?
5
What is the hundreds digit of 17728?
7
What is the tens digit of 502?
0
What is the units digit of 14662?
2
What is the units digit of 713?
3
What is the units digit of 876?
6
What is the thousands digit of 5489?
5
What is the hundreds digit of 23158?
1
What is the tens digit of 773?
7
What is the hundreds digit of 99613?
6
What is the tens digit of 66690?
9
What is the tens digit of 28?
2
What is the hundreds digit of 78577?
5
What is the hundreds digit of 5893?
8
What is the hundreds digit of 87826?
8
What is the units digit of 648?
8
What is the units digit of 741?
1
What is the thousands digit of 5915?
5
What is the tens digit of 149076?
7
What is the thousands digit of 1685?
1
What is the tens digit of 7317?
1
What is the thousands digit of 6699?
6
What is the hundreds digit of 1263?
2
What is the tens digit of 1029?
2
What is the hundreds digit of 1396?
3
What is the units digit of 1231?
1
What is the thousands digit of 14556?
4
What is the ten thousands digit of 107272?
0
What is the tens digit of 492?
9
What is the thousands digit of 5385?
5
What is the units digit of 11359?
9
What is the units digit of 2893?
3
What is the units digit of 2?
2
What is the thousands digit of 10856?
0
What is the thousands digit of 1134?
1
What is the tens digit of 16470?
7
What is the thousands digit of 1336?
1
What is the units digit of 154?
4
What is the tens digit of 454?
5
What is the tens digit of 647?
4
What is the hundreds digit of 1770?
7
What is the ten thousands digit of 10416?
1
What is the hundreds digit of 687?
6
What is the hundreds digit of 2604?
6
What is the units digit of 2177?
7
What is the units digit of 4836?
6
What is the units digit of 7046?
6
What is the hundreds digit of 18141?
1
What is the hundreds digit of 1306?
3
What is the tens digit of 1207?
0
What is the tens digit of 1949?
4
What is the hundreds digit of 5226?
2
What is the tens digit of 359?
5
What is the thousands digit of 93981?
3
What is the tens digit of 137612?
1
What is the units digit of 3415?
5
What is the tens digit of 4008?
0
What is the thousands digit of 84240?
4
What is the tens digit of 330?
3
What is the hundreds digit of 69011?
0
What is the tens digit of 805?
0
What is the units digit of 2816?
6
What is the hundreds digit of 566?
5
What is the units digit of 3769?
9
What is the thousands digit of 22223?
2
What is the tens digit of 1197?
9
What is the units digit of 477?
7
What is the tens digit of 5538?
3
What is the tens digit of 361?
6
What is the tens digit of 2559?
5
What is the hundreds digit of 19532?
5
What is the ten thousands digit of 31029?
3
What is the units digit of 45368?
8
What is the tens digit of 24497?
9
What is the units digit of 17669?
9
What is the ten thousands digit of 77863?
7
What is the hundreds digit of 1180?
1
What is the ten thousands digit of 10757?
1
What is the hundreds digit of 857?
8
What is the units digit of 3383?
3
What is the hundreds digit of 288?
2
What is the tens digit of 9453?
5
What is the tens digit of 2001?
0
What is the tens digit of 2623?
2
What is the units digit of 95?
5
What is the units digit of 81?
1
What is the hundreds digit of 11392?
3
What is the units digit of 1191?
1
What is the thousands digit of 33890?
3
What is the hundreds digit of 30793?
7
What is the hundreds digit of 1147?
1
What is the ten thousands digit of 27308?
2
What is the units digit of 32?
2
What is the hundreds digit of 1461?
4
What is the units digit of 1751?
1
What is the hundreds digit of 44620?
6
What is the hundreds digit of 5143?
1
What is the units digit of 2510?
0
What is the hundreds digit of 132290?
2
What is the hundreds digit of 12097?
0
What is the tens digit of 18437?
3
What is the thousands digit of 8748?
8
What is the hundreds digit of 885?
8
What is the tens digit of 2073?
7
What is the thousands digit of 2342?
2
What is the tens digit of 175?
7
What is the tens digit of 7602?
0
What is the hundreds digit of 535?
5
What is the ten thousands digit of 93028?
9
What is the units digit of 1089?
9
What is the units digit of 50354?
4
What is the hundreds digit of 14295?
2
What is the thousands digit of 31636?
1
What is the tens digit of 302?
0
What is the units digit of 33?
3
What is the hundreds digit of 627?
6
What is the thousands digit of 52647?
2
What is the units digit of 130549?
9
What is the units digit of 2626?
6
What is the hundreds digit of 2029?
0
What is the units digit of 3742?
2
What is the units digit of 239?
9
What is the ten thousands digit of 159400?
5
What is the units digit of 3156?
6
What is the units digit of 1615?
5
What is the units digit of 6650?
0
What is the units digit of 244?
4
What is the hundreds digit of 6358?
3
What is the hundreds digit of 567?
5
What is the tens digit of 1589?
8
What is the hundreds digit of 1363?
3
What is the tens digit of 654?
5
What is the tens digit of 1720?
2
What is the units digit of 3016?
6
What is the thousands digit of 11288?
1
What is the thousands digit of 5448?
5
What is the units digit of 12433?
3
What is the hundreds digit of 60810?
8
What is the tens digit of 3431?
3
What is the hundreds digit of 2891?
8
What is the tens digit of 13613?
1
What is the tens digit of 17182?
8
What is the hundreds digit of 12963?
9
What is the units digit of 79649?
9
What is the units digit of 1362?
2
What is the hundreds digit of 200